4 - -150. What are the prime factors of n/18*(-5 + 0)*-57?
5, 19
Let f(s) be the second derivative of 17*s**4/2 + s**2/2 - 12*s. Let b be f(-1). Let o = 187 - b. List the prime factors of o.
2, 3, 7
Let r = 5 - 2. Suppose r*a - 240 = -a. What are the prime factors of (-11 + -1)*a/(-18)?
2, 5
Suppose -4*h - 3579 = -3*r, -3*h - 336 - 4429 = -4*r. Suppose 3*k = -139 + r. What are the prime factors of k?
2, 5, 7
Suppose 2*c - 7*c = 2*m - 484, 5*m - c = 1264. Let b = m + -57. What are the prime factors of b?
3, 5, 13
List the prime factors of (-6 + -1 - (-153 - -75814))/(-4).
18917
Let g(l) = -l**3 - 16*l**2 + 13*l - 39. Let k = 155 - 172. List the prime factors of g(k).
29
Let v(d) = -146*d + 17. Let j be v(-3). Suppose -8*o = -721 - j. Let l = 41 + o. What are the prime factors of l?
2, 47
Let d(a) = 4*a**3 + 3*a**2 - 2*a - 13. Let g be d(4). Let u = g + -171. What are the prime factors of u?
2, 7
Suppose -g = 2*b - 172385, 4*g + 141 - 161 = 0. List the prime factors of b.
2, 3, 5, 13, 17
Let i(a) = 8*a**2 + 148*a + 46. List the prime factors of i(-77).
2, 18041
Suppose -324*c = -311*c - 91208. List the prime factors of c.
2, 877
Let x be -20*(-2)/8*-63. Let m = 364 + x. List the prime factors of m.
7
Let y(g) = -5*g**3 + 32 + 7 + 5*g + 19*g + g**3 + 3*g. List the prime factors of y(-6).
3, 13, 19
Let m(x) = -1283*x + 18422. List the prime factors of m(0).
2, 61, 151
Let a(o) = -1 - 5 - 169*o - 11 + 3. List the prime factors of a(-7).
7, 167
Let v(i) = 213*i - 25. Let q be v(-3). Let b = 89 - q. What are the prime factors of b?
3, 251
Suppose -3*w - 3*w + 220251 = 59595. What are the prime factors of w?
2, 3347
Let f be 4/((-1656)/(-834) + -2). Let a = -135 - f. List the prime factors of a.
11, 13
List the prime factors of (-163806)/(-9) - ((-30)/9)/10.
3, 6067
Suppose 0 = 3*k - 36 + 27. Suppose -665 = -5*b - k*h, -23*h - 262 = -2*b - 25*h. What are the prime factors of b?
2, 17
Suppose s + 8*h - 13*h - 1822 = 0, 0 = -5*s + 3*h + 9044. List the prime factors of s.
13, 139
Let v = 70459 + -21350. List the prime factors of v.
49109
Let s(q) = -34*q**3 + 3*q**2 + 8*q + 81. List the prime factors of s(-9).
2, 3, 13, 107
Let j(o) = -o + 5. Let c be j(-3). Suppose -15 = -3*u, 5*u + 59 - c = 4*k. Let r(y) = 3*y + 13. List the prime factors of r(k).
2, 5, 7
Let t be 2/3 + 19230/(-90). Let a = t + 403. List the prime factors of a.
2, 5, 19
Let c = -66 + 109. Let n = -23 - -27. Suppose 269 = n*b - c. What are the prime factors of b?
2, 3, 13
Suppose -5*y - 5*k + 76338 = 338, -30382 = -2*y + 4*k. What are the prime factors of y?
7, 13, 167
Suppose 45 = 3*b + 2*b. Let q be -2 - (4 - b/1). Suppose -q*c = c - 44. List the prime factors of c.
11
Let k be 2/1 - -1 - (1 + -12286). Suppose -25*p + k = 23*p. List the prime factors of p.
2
Let g(l) = 14*l + 56. Let j be g(-4). Suppose j = -38*n + 36*n + 3056. List the prime factors of n.
2, 191
Suppose 0 = -89*n + 84581 + 219532. What are the prime factors of n?
3, 17, 67
Let m(i) = 8*i - 8*i - 11*i - 14*i - 2. What are the prime factors of m(-18)?
2, 7
Let m = -13691 + 32148. List the prime factors of m.
18457
Let f(i) = 1150*i - 60. Let q be f(2). What are the prime factors of ((-54)/(-24))/(8/q)?
2, 3, 5, 7
Let v = 1003 + -243. List the prime factors of -2 + (-3)/((-12)/v).
2, 47
Let r = -42663 + 76014. List the prime factors of r.
3, 11117
Suppose -419 = -a - 4*j, -j + 2000 = 2*a + 3*a. Suppose -45*h - 762 = -42*h. Let z = a + h. What are the prime factors of z?
5, 29
Let x = 2982 + -1870. What are the prime factors of x?
2, 139
Let q(h) = 485*h**3 + h**2 + h - 2. Let g be ((-22)/(-8) + 30/(-40))/2. List the prime factors of q(g).
5, 97
Suppose -5*g = 3*r - 9, 3*r - 2*r - 3 = 5*g. Suppose 2*k + 10 = g, 60 = -0*o + o - 2*k. Suppose -27*b = -22*b - o. List the prime factors of b.
2, 5
Let r = 1485 + 2739. What are the prime factors of r?
2, 3, 11
Suppose 59476 = 4*d - 4*b - 47408, 0 = -8*d + 4*b + 213776. What are the prime factors of d?
26723
Suppose -3*c - 3*u = -132, 4*c - 183 = 5*u - 2*u. Let t(r) = 6*r - 129. Let s be t(18). Let b = s + c. What are the prime factors of b?
2, 3
Suppose 2*q + 3*q = 0. Let a be 0 + q + (18 - 0). List the prime factors of a/63 + (-677)/(-7).
97
Suppose 3*a + 3*m + 12 = 0, 6*a - 16 = 3*a + 4*m. Let q be 20/(-20) + (1 - a). Suppose -7*r + 217 + 42 = q. What are the prime factors of r?
37
Let p(w) = 927*w + 142. Let d be p(3). Suppose -d = -5*q + 2*t, -13*t = -16*t - 12. What are the prime factors of q?
11, 53
Suppose -292 = p - 2*j + 32, -5*j + 10 = 0. Let w = 160 - p. What are the prime factors of w?
2, 3, 5
Let y(q) = -10*q - 1. Let c be y(-1). Let v(u) = 5*u**2 + 3*u + 51. List the prime factors of v(c).
3, 7, 23
Suppose 12*g - 5*u - 1038937 = 0, 101*g - 259743 = 98*g + 3*u. List the prime factors of g.
2, 7, 773
Suppose 4*f + d = 2019 + 5793, 2*d = 10*f - 19512. What are the prime factors of f?
2, 61
Let v(f) be the second derivative of -f**3/6 + f**2/2 - 36*f. Let a(s) = -4*s + 48. Let z(q) = a(q) - 20*v(q). List the prime factors of z(5).
2, 3
Let d = 64 - 54. Let i be (-12)/d*140/(-6) + 1. Suppose -i*g + 28*g + 12 = 0. List the prime factors of g.
2, 3
Let a(g) = 23*g**2 + 11*g + 7. Let r be a(5). Suppose 2*x = 3*x - r. What are the prime factors of x?
7, 13
Let o = -102 - -106. Suppose 2*u + o*u + 12 = 0. Let x = u - -22. What are the prime factors of x?
2, 5
Let w(c) = 2*c**3 + 80*c**2 + 116*c + 439. What are the prime factors of w(-33)?
71, 167
Let i(h) = 35*h**2 - 4*h + 6. Let k be i(5). Let r = k + -589. List the prime factors of r.
2, 17
List the prime factors of (-13720)/(-8) + (-12)/(-2) + -2.
3, 191
Let y(m) = -2*m**2 + 30*m - 46. Let a be y(15). Let w = a - -445. What are the prime factors of w?
3, 7, 19
Let d = 22 + -4. Let q = -13 + d. Suppose -q*c + 152 = 27. What are the prime factors of c?
5
Suppose 4*t - 38 = 82. Suppose -t*v + 38*v = -2520. Let f = v - -449. List the prime factors of f.
2, 67
Suppose 4*t + 20 = 4*b, 3*t + 0*b - 2*b = -10. Suppose -10*s + 3*s - 287 = t. What are the prime factors of 0 + 6/3 - s?
43
Let q(s) = -125*s - 1908. List the prime factors of q(-67).
29, 223
Let z be (1 - 5) + -18 + -3. Let b = 51 + z. Suppose 29*a - 138 = b*a. List the prime factors of a.
2, 23
Suppose -b - 2*f - f - 114 = 0, 4*b = -4*f - 472. What are the prime factors of 1 + 1 - b - (10 + -12)?
2, 31
Suppose -2*q + 273 = 85. Suppose h = c - 319, 2*c - q = -h + 535. List the prime factors of c.
2, 79
What are the prime factors of (-2238)/(-24)*-8*(-11)/2?
11, 373
Let t be (-2)/(-3) - ((-141)/(-9) + -6). Let m be ((-30)/4)/(t/18). Suppose -13*x - 82 = -m*x. List the prime factors of x.
41
Suppose -8445 = -2*b + h, -31 = -3*h - 46. What are the prime factors of b?
2, 5, 211
Let y(l) = -20*l**2 - 2*l + 2. Let j be y(6). Let u = -97 - j. List the prime factors of u.
3, 211
Suppose 3 = 5*t - 3*h, 3*h + 13 = 3*t + 4*h. What are the prime factors of (1 + t)/(26/9620)?
2, 5, 37
Let c(l) = -3*l + 2. Let m(k) = 4*k - 2. Let a(o) = 2*c(o) + 3*m(o). Suppose 30 = 19*z - 27. What are the prime factors of a(z)?
2
Suppose 30 + 40 = 5*t. Let p = t + -14. List the prime factors of (-10)/(-8)*(20 - p).
5
Suppose -4*c + 69 = -t + 13, -4*t + 70 = 5*c. Let v be (-32)/c + -1*6/(-21). What are the prime factors of v/(-2)*((-2 - -5) + 9)?
2, 3
Let w(t) be the third derivative of 23*t**6/120 + t**5/30 + t**4/3 - t**3/3 - t**2 + 17. List the prime factors of w(3).
661
Suppose -r + 10 = 13. Let p be (r/12*-2)/(4/(-2120)). Let t = p + 460. List the prime factors of t.
3, 5, 13
Let b(s) = -s**2 - 64*s - 120. Let u be b(-62). List the prime factors of -3802*(49/14 - u).
1901
Suppose n - 31 + 8 = -4*u, 10 = 2*u + 2*n. Suppose -2*s - 540 = -u*s. Suppose h + s = 6*h. What are the prime factors of h?
3
Let d = 552 + -502. Suppose -d*f + 80*f = 12870. What are the prime factors of f?
3, 11, 13
Suppose -13*i + 1954 + 10591 = 0. Suppose 16*g - i = 667. What are the prime factors of g?
2, 3, 17
Let r = 437 + -432. Suppose 4423 = 3*k - 6*y + y, r*k - 7315 = -3*y. What are the prime factors of k?
2, 733
Let m be (-376)/(-14) + 36/252. List the prime factors of (-5)/((-45)/6306) - 18/m.
2, 5, 7
Let n = 9042 - -14017. What are the prime factors of n?
23059
Suppose 14*v - 10*v = -4, 4*c - 21301 = -3*v. Li